{"id":46,"date":"2017-11-09T18:34:21","date_gmt":"2017-11-09T23:34:21","guid":{"rendered":"http:\/\/operadores.chavintours.com.pe\/?page_id=46"},"modified":"2017-11-17T13:34:21","modified_gmt":"2017-11-17T18:34:21","slug":"contacto","status":"publish","type":"page","link":"http:\/\/operadores.chavintours.com.pe\/?page_id=46","title":{"rendered":"CONTACTO"},"content":{"rendered":"<div id=\"pl-46\"  class=\"panel-layout\" ><div id=\"pg-46-0\"  class=\"panel-grid panel-no-style\" ><div id=\"pgc-46-0-0\"  class=\"panel-grid-cell\" ><div id=\"panel-46-0-0-0\" class=\"so-panel widget widget_text panel-first-child panel-last-child\" data-index=\"0\" >\t\t\t<div class=\"textwidget\">\n<div class=\"wpcf7 no-js\" id=\"wpcf7-f50-o1\" lang=\"es-ES\" dir=\"ltr\">\n<div class=\"screen-reader-response\"><p role=\"status\" aria-live=\"polite\" aria-atomic=\"true\"><\/p> <ul><\/ul><\/div>\n<form action=\"\/index.php?rest_route=%2Fwp%2Fv2%2Fpages%2F46#wpcf7-f50-o1\" method=\"post\" class=\"wpcf7-form init\" aria-label=\"Formulario de contacto\" novalidate=\"novalidate\" data-status=\"init\">\n<div style=\"display: none;\">\n<input type=\"hidden\" name=\"_wpcf7\" value=\"50\" \/>\n<input type=\"hidden\" name=\"_wpcf7_version\" value=\"5.7.7\" \/>\n<input type=\"hidden\" name=\"_wpcf7_locale\" value=\"es_ES\" \/>\n<input type=\"hidden\" name=\"_wpcf7_unit_tag\" value=\"wpcf7-f50-o1\" \/>\n<input type=\"hidden\" name=\"_wpcf7_container_post\" value=\"0\" \/>\n<input type=\"hidden\" name=\"_wpcf7_posted_data_hash\" value=\"\" \/>\n<\/div>\n<p><label> NOMBRE Y APELLIDO (Requerido)<br \/>\n<span class=\"wpcf7-form-control-wrap\" data-name=\"your-name\"><input size=\"40\" class=\"wpcf7-form-control wpcf7-text wpcf7-validates-as-required\" aria-required=\"true\" aria-invalid=\"false\" placeholder=\"\u00bfCon qui\u00e9n tenemos el gusto?\" value=\"\" type=\"text\" name=\"your-name\" \/><\/span> <\/label>\n<\/p>\n<p><label> EMAIL (Requerido)<br \/>\n<span class=\"wpcf7-form-control-wrap\" data-name=\"your-email\"><input size=\"40\" class=\"wpcf7-form-control wpcf7-text wpcf7-email wpcf7-validates-as-required wpcf7-validates-as-email\" aria-required=\"true\" aria-invalid=\"false\" placeholder=\"Br\u00edndenos su direcci\u00f3n de correo electr\u00f3nico\" value=\"\" type=\"email\" name=\"your-email\" \/><\/span> <\/label>\n<\/p>\n<p><label> FECHA ESTIMADA DE VIAJE<br \/>\n<span class=\"wpcf7-form-control-wrap\" data-name=\"FechaEstimada\"><input class=\"wpcf7-form-control wpcf7-date wpcf7-validates-as-date\" min=\"2017-01-01\" max=\"2050-12-31\" aria-invalid=\"false\" placeholder=\"AAAA\/MM\/DD\" value=\"\" type=\"date\" name=\"FechaEstimada\" \/><\/span> <\/label>\n<\/p>\n<p><label> N\u00daMERO DE PERSONAS<br \/>\n<span class=\"wpcf7-form-control-wrap\" data-name=\"your-subject\"><input size=\"40\" class=\"wpcf7-form-control wpcf7-text\" aria-invalid=\"false\" placeholder=\"Com\u00e9ntenos el n\u00famero de Adultos y\/o Ni\u00f1os que viajar\u00e1n\" value=\"\" type=\"text\" name=\"your-subject\" \/><\/span> <\/label>\n<\/p>\n<p><label> TOUR DE INTER\u00c9S<br \/>\n<span class=\"wpcf7-form-control-wrap\" data-name=\"your-subject\"><input size=\"40\" class=\"wpcf7-form-control wpcf7-text\" aria-invalid=\"false\" placeholder=\"Cu\u00e9ntenos si tiene alguna experiencia, tour o lugar en mente para visitar\" value=\"\" type=\"text\" name=\"your-subject\" \/><\/span> <\/label>\n<\/p>\n<p><label> MENSAJE<br \/>\n<span class=\"wpcf7-form-control-wrap\" data-name=\"your-message\"><textarea cols=\"40\" rows=\"10\" class=\"wpcf7-form-control wpcf7-textarea wpcf7-validates-as-required\" aria-required=\"true\" aria-invalid=\"false\" placeholder=\"Br\u00edndenos todos los detalles e informaci\u00f3n necesaria del viaje que desea realizar. Esto nos ayudar\u00e1 a personalizar su experiencia en Huaraz.\" name=\"your-message\"><\/textarea><\/span> <\/label>\n<\/p>\n[recaptcha]\n<\/p>\n<p><input class=\"wpcf7-form-control has-spinner wpcf7-submit\" type=\"submit\" value=\"ENVIAR\" \/>\n<\/p><div class=\"wpcf7-response-output\" aria-hidden=\"true\"><\/div>\n<\/form>\n<\/div>\n\n<\/div>\n\t\t<\/div><\/div><div id=\"pgc-46-0-1\"  class=\"panel-grid-cell\" ><div id=\"panel-46-0-1-0\" class=\"so-panel widget widget_sow-image panel-first-child panel-last-child\" data-index=\"1\" ><div\n\t\t\t\n\t\t\tclass=\"so-widget-sow-image so-widget-sow-image-default-e4c2d9f6c920-46\"\n\t\t\t\n\t\t>\n\n<div class=\"sow-image-container\">\n\t\t<img src=\"http:\/\/operadores.chavintours.com.pe\/wp-content\/uploads\/2017\/11\/Contactos-1.jpg\" width=\"1665\" height=\"1900\" srcset=\"http:\/\/operadores.chavintours.com.pe\/wp-content\/uploads\/2017\/11\/Contactos-1.jpg 1665w, http:\/\/operadores.chavintours.com.pe\/wp-content\/uploads\/2017\/11\/Contactos-1-263x300.jpg 263w, http:\/\/operadores.chavintours.com.pe\/wp-content\/uploads\/2017\/11\/Contactos-1-768x876.jpg 768w, http:\/\/operadores.chavintours.com.pe\/wp-content\/uploads\/2017\/11\/Contactos-1-897x1024.jpg 897w\" sizes=\"(max-width: 1665px) 100vw, 1665px\" title=\"Operadores de Turismo Chav\u00edn Tours\" alt=\"\" loading=\"lazy\" \t\tclass=\"so-widget-image\"\/>\n\t<\/div>\n\n<\/div><\/div><\/div><\/div><\/div>","protected":false},"excerpt":{"rendered":"<p>NOMBRE Y APELLIDO (Requerido) EMAIL (Requerido) FECHA ESTIMADA DE VIAJE N\u00daMERO DE PERSONAS TOUR DE INTER\u00c9S MENSAJE [recaptcha]<\/p>\n","protected":false},"author":1,"featured_media":0,"parent":0,"menu_order":0,"comment_status":"closed","ping_status":"closed","template":"page-contact.php","meta":{"kt_blocks_editor_width":""},"yoast_head":"<!-- This site is optimized with the Yoast SEO plugin v20.9 - https:\/\/yoast.com\/wordpress\/plugins\/seo\/ -->\r\n<title>CONTACTO - Operadores de Turismo Chav\u00edn Tours<\/title>\r\n<meta name=\"robots\" content=\"index, follow, max-snippet:-1, max-image-preview:large, max-video-preview:-1\" \/>\r\n<link rel=\"canonical\" href=\"http:\/\/operadores.chavintours.com.pe\/?page_id=46\" \/>\r\n<meta property=\"og:locale\" content=\"es_ES\" \/>\r\n<meta property=\"og:type\" content=\"article\" \/>\r\n<meta property=\"og:title\" content=\"CONTACTO - Operadores de Turismo Chav\u00edn Tours\" \/>\r\n<meta property=\"og:description\" content=\"NOMBRE Y APELLIDO (Requerido) EMAIL (Requerido) FECHA ESTIMADA DE VIAJE N\u00daMERO DE PERSONAS TOUR DE INTER\u00c9S MENSAJE [recaptcha]\" \/>\r\n<meta property=\"og:url\" content=\"http:\/\/operadores.chavintours.com.pe\/?page_id=46\" \/>\r\n<meta property=\"og:site_name\" content=\"Operadores de Turismo Chav\u00edn Tours\" \/>\r\n<meta property=\"article:modified_time\" content=\"2017-11-17T18:34:21+00:00\" \/>\r\n<meta property=\"og:image\" content=\"http:\/\/operadores.chavintours.com.pe\/wp-content\/uploads\/2017\/11\/Contactos-1.jpg\" \/>\r\n<meta name=\"twitter:card\" content=\"summary_large_image\" \/>\r\n<script type=\"application\/ld+json\" class=\"yoast-schema-graph\">{\"@context\":\"https:\/\/schema.org\",\"@graph\":[{\"@type\":\"WebPage\",\"@id\":\"http:\/\/operadores.chavintours.com.pe\/?page_id=46\",\"url\":\"http:\/\/operadores.chavintours.com.pe\/?page_id=46\",\"name\":\"CONTACTO - Operadores de Turismo Chav\u00edn Tours\",\"isPartOf\":{\"@id\":\"http:\/\/operadores.chavintours.com.pe\/#website\"},\"datePublished\":\"2017-11-09T23:34:21+00:00\",\"dateModified\":\"2017-11-17T18:34:21+00:00\",\"breadcrumb\":{\"@id\":\"http:\/\/operadores.chavintours.com.pe\/?page_id=46#breadcrumb\"},\"inLanguage\":\"es\",\"potentialAction\":[{\"@type\":\"ReadAction\",\"target\":[\"http:\/\/operadores.chavintours.com.pe\/?page_id=46\"]}]},{\"@type\":\"BreadcrumbList\",\"@id\":\"http:\/\/operadores.chavintours.com.pe\/?page_id=46#breadcrumb\",\"itemListElement\":[{\"@type\":\"ListItem\",\"position\":1,\"name\":\"Portada\",\"item\":\"http:\/\/operadores.chavintours.com.pe\/\"},{\"@type\":\"ListItem\",\"position\":2,\"name\":\"CONTACTO\"}]},{\"@type\":\"WebSite\",\"@id\":\"http:\/\/operadores.chavintours.com.pe\/#website\",\"url\":\"http:\/\/operadores.chavintours.com.pe\/\",\"name\":\"Operadores de Turismo Chav\u00edn Tours\",\"description\":\"Agencia de viajes y Turismo especializada en el Per\u00fa como destino, con sede en Huaraz.\",\"publisher\":{\"@id\":\"http:\/\/operadores.chavintours.com.pe\/#organization\"},\"potentialAction\":[{\"@type\":\"SearchAction\",\"target\":{\"@type\":\"EntryPoint\",\"urlTemplate\":\"http:\/\/operadores.chavintours.com.pe\/?s={search_term_string}\"},\"query-input\":\"required name=search_term_string\"}],\"inLanguage\":\"es\"},{\"@type\":\"Organization\",\"@id\":\"http:\/\/operadores.chavintours.com.pe\/#organization\",\"name\":\"Operadores de Turismo Chav\u00edn Tours\",\"url\":\"http:\/\/operadores.chavintours.com.pe\/\",\"logo\":{\"@type\":\"ImageObject\",\"inLanguage\":\"es\",\"@id\":\"http:\/\/operadores.chavintours.com.pe\/#\/schema\/logo\/image\/\",\"url\":\"http:\/\/operadores.chavintours.com.pe\/wp-content\/uploads\/2017\/11\/Logo-Web_Chico.png\",\"contentUrl\":\"http:\/\/operadores.chavintours.com.pe\/wp-content\/uploads\/2017\/11\/Logo-Web_Chico.png\",\"width\":138,\"height\":75,\"caption\":\"Operadores de Turismo Chav\u00edn Tours\"},\"image\":{\"@id\":\"http:\/\/operadores.chavintours.com.pe\/#\/schema\/logo\/image\/\"}}]}<\/script>\r\n<!-- \/ Yoast SEO plugin. -->","yoast_head_json":{"title":"CONTACTO - Operadores de Turismo Chav\u00edn Tours","robots":{"index":"index","follow":"follow","max-snippet":"max-snippet:-1","max-image-preview":"max-image-preview:large","max-video-preview":"max-video-preview:-1"},"canonical":"http:\/\/operadores.chavintours.com.pe\/?page_id=46","og_locale":"es_ES","og_type":"article","og_title":"CONTACTO - Operadores de Turismo Chav\u00edn Tours","og_description":"NOMBRE Y APELLIDO (Requerido) EMAIL (Requerido) FECHA ESTIMADA DE VIAJE N\u00daMERO DE PERSONAS TOUR DE INTER\u00c9S MENSAJE [recaptcha]","og_url":"http:\/\/operadores.chavintours.com.pe\/?page_id=46","og_site_name":"Operadores de Turismo Chav\u00edn Tours","article_modified_time":"2017-11-17T18:34:21+00:00","og_image":[{"url":"http:\/\/operadores.chavintours.com.pe\/wp-content\/uploads\/2017\/11\/Contactos-1.jpg"}],"twitter_card":"summary_large_image","schema":{"@context":"https:\/\/schema.org","@graph":[{"@type":"WebPage","@id":"http:\/\/operadores.chavintours.com.pe\/?page_id=46","url":"http:\/\/operadores.chavintours.com.pe\/?page_id=46","name":"CONTACTO - Operadores de Turismo Chav\u00edn Tours","isPartOf":{"@id":"http:\/\/operadores.chavintours.com.pe\/#website"},"datePublished":"2017-11-09T23:34:21+00:00","dateModified":"2017-11-17T18:34:21+00:00","breadcrumb":{"@id":"http:\/\/operadores.chavintours.com.pe\/?page_id=46#breadcrumb"},"inLanguage":"es","potentialAction":[{"@type":"ReadAction","target":["http:\/\/operadores.chavintours.com.pe\/?page_id=46"]}]},{"@type":"BreadcrumbList","@id":"http:\/\/operadores.chavintours.com.pe\/?page_id=46#breadcrumb","itemListElement":[{"@type":"ListItem","position":1,"name":"Portada","item":"http:\/\/operadores.chavintours.com.pe\/"},{"@type":"ListItem","position":2,"name":"CONTACTO"}]},{"@type":"WebSite","@id":"http:\/\/operadores.chavintours.com.pe\/#website","url":"http:\/\/operadores.chavintours.com.pe\/","name":"Operadores de Turismo Chav\u00edn Tours","description":"Agencia de viajes y Turismo especializada en el Per\u00fa como destino, con sede en Huaraz.","publisher":{"@id":"http:\/\/operadores.chavintours.com.pe\/#organization"},"potentialAction":[{"@type":"SearchAction","target":{"@type":"EntryPoint","urlTemplate":"http:\/\/operadores.chavintours.com.pe\/?s={search_term_string}"},"query-input":"required name=search_term_string"}],"inLanguage":"es"},{"@type":"Organization","@id":"http:\/\/operadores.chavintours.com.pe\/#organization","name":"Operadores de Turismo Chav\u00edn Tours","url":"http:\/\/operadores.chavintours.com.pe\/","logo":{"@type":"ImageObject","inLanguage":"es","@id":"http:\/\/operadores.chavintours.com.pe\/#\/schema\/logo\/image\/","url":"http:\/\/operadores.chavintours.com.pe\/wp-content\/uploads\/2017\/11\/Logo-Web_Chico.png","contentUrl":"http:\/\/operadores.chavintours.com.pe\/wp-content\/uploads\/2017\/11\/Logo-Web_Chico.png","width":138,"height":75,"caption":"Operadores de Turismo Chav\u00edn Tours"},"image":{"@id":"http:\/\/operadores.chavintours.com.pe\/#\/schema\/logo\/image\/"}}]}},"_links":{"self":[{"href":"http:\/\/operadores.chavintours.com.pe\/index.php?rest_route=\/wp\/v2\/pages\/46"}],"collection":[{"href":"http:\/\/operadores.chavintours.com.pe\/index.php?rest_route=\/wp\/v2\/pages"}],"about":[{"href":"http:\/\/operadores.chavintours.com.pe\/index.php?rest_route=\/wp\/v2\/types\/page"}],"author":[{"embeddable":true,"href":"http:\/\/operadores.chavintours.com.pe\/index.php?rest_route=\/wp\/v2\/users\/1"}],"replies":[{"embeddable":true,"href":"http:\/\/operadores.chavintours.com.pe\/index.php?rest_route=%2Fwp%2Fv2%2Fcomments&post=46"}],"version-history":[{"count":11,"href":"http:\/\/operadores.chavintours.com.pe\/index.php?rest_route=\/wp\/v2\/pages\/46\/revisions"}],"predecessor-version":[{"id":120,"href":"http:\/\/operadores.chavintours.com.pe\/index.php?rest_route=\/wp\/v2\/pages\/46\/revisions\/120"}],"wp:attachment":[{"href":"http:\/\/operadores.chavintours.com.pe\/index.php?rest_route=%2Fwp%2Fv2%2Fmedia&parent=46"}],"curies":[{"name":"wp","href":"https:\/\/api.w.org\/{rel}","templated":true}]}}